 + 4. Let q(r) be the second derivative of d(r). Is q(12) prime?
True
Suppose -6*p - 7*p = -121316. Suppose 84*k + p = 88*k. Is k composite?
False
Suppose -3*t = -3*u - 1906230, 0 = -1439*t + 1441*t - 4*u - 1270814. Is t a prime number?
True
Suppose 3*g - 615897 - 1221546 = 0. Is g a composite number?
False
Let z be 66535/315 + 4/(-18). Suppose z*d - 95949 = 202*d. Is d composite?
True
Let g(d) = -17801*d - 2332. Is g(-3) a composite number?
False
Let m(d) = 27*d**3 - 18*d**2 - 61*d + 31. Is m(14) composite?
False
Suppose -205*z + 224*z = 2371181. Is z prime?
True
Is 115/1725 - (-796828)/30 a composite number?
False
Let x be 12/(-18) + 20/3. Let g(l) = -15*l - 554. Let p be g(-38). Suppose -x*w + p*w - 11810 = 0. Is w a composite number?
False
Let m = 34885 - 18924. Is m a composite number?
True
Suppose 0 = -5*j - g + 111, -j - 3*g + 27 = -4*g. Suppose -16*l = -j*l + 917. Is l composite?
False
Suppose -p + 4 + 5 = 2*y, p + 6 = y. Let o(q) = 26*q**2 - 8*q - 9. Let t be o(6). Suppose -2*n + y*n - t = 0. Is n prime?
True
Let l(v) = 202*v**2 + 35*v + 141. Suppose r + 16 = -4*w, -w + 2*r - 7*r = 4. Is l(w) prime?
False
Is 2/1 + (3 - (1149410 - 10)/(-2)) a prime number?
False
Let v(b) = -b**2 + 21*b - 52. Let y be v(3). Suppose -y*m - 27790 = -12*m. Is m composite?
True
Is (((-15)/10)/(-3)*-802)/((-3)/15) prime?
False
Let f = -1094 - 2983. Let d = -1862 - f. Is d a prime number?
False
Suppose 4*g - 6*g = -3*x - 38, 40 = 2*g - 2*x. Let b(d) = -d**3 + 24*d**2 - 11*d + 32. Is b(g) a prime number?
False
Let v = -32598 + 70869. Is v a composite number?
True
Let n(o) = 418*o**2 - 126*o + 3985. Is n(28) a composite number?
True
Suppose 5*q = -55 - 35. Let p = 13 + q. Is (p - -3 - 5312)/(-2) a prime number?
True
Let r be (20 + -22)/(12/42). Let s(z) = -6*z + 2*z - 3*z - 2*z - 26. Is s(r) prime?
True
Let u = 2195436 - 1543417. Is u a composite number?
False
Let j = 1127 - -67. Suppose -5648 = -4*n + 3*q + j, -n + 1713 = -2*q. Is n composite?
False
Suppose 3*g + 513677 = 2*k, -5*g = -g + 20. Is k prime?
True
Suppose 9*x + 430 = -434. Let i = -59 - x. Is i a prime number?
True
Suppose 159*g + 7*g - 72728790 = -10845484. Is g a prime number?
False
Suppose 2*f + 916 = 2*b, 3*b + b = f + 458. Let t be (3 + f/(-3))/(4/12). Suppose 0 = 6*j - 7*j + t. Is j prime?
True
Let x = -21 + -55. Let v = x + 32. Is (26 - -1) + v/11 a composite number?
False
Let c(j) = -j**2 + 15*j + 502. Let p be c(-16). Suppose 8 + 1 = q. Suppose -753 = p*s - q*s. Is s a composite number?
False
Suppose -279523 + 2062448 = 25*g. Is g a composite number?
False
Is 986667/29*1/3 composite?
True
Let q(l) = -7*l - 270. Let t be q(-38). Is 397 + (t/6 - (-496)/(-93)) composite?
True
Let r be (-37)/(-4) + (-6)/(-96)*-4. Suppose -r*o = 26 - 2339. Let q = 574 - o. Is q a composite number?
False
Suppose 6*v = 23 - 5. Let w(x) = 217*x**2 + 7*x - 13. Is w(v) prime?
False
Let b(i) = -422*i**3 + i**2 - 20*i - 50. Is b(-9) prime?
False
Let s = 4865 - 2635. Let y = s - -379. Is y prime?
True
Let w be 31*(9 + 3)/4. Let m = -89 + w. Suppose -2*d = -5*x - 4380 - 2791, m*x + 10767 = 3*d. Is d prime?
True
Let m(k) be the second derivative of 0 + 25*k + 0*k**2 + 1/4*k**4 + 4/3*k**3 + 2/5*k**5. Is m(5) a prime number?
False
Let v = 193978 + -68741. Is v prime?
False
Suppose 10*p - p - 1080 = 0. Let x = p + 1897. Is x a prime number?
True
Let i = 7475 + 6007. Suppose b = -4*c + i, 3*c - 2*b = -6*b + 10105. Is c prime?
True
Let i = 206 - 100. Let v = i + 541. Is (v/4)/((-2)/(-8)) a composite number?
False
Let z(y) = -270*y**3 + 12*y**2 + 69*y + 559. Is z(-12) a composite number?
False
Suppose 49*p = -2*x + 46*p + 84235, -5*x - p = -210607. Is x a composite number?
True
Suppose -50029 = -418*v + 425*v. Let u = 6160 - v. Is u a composite number?
True
Let x(z) = z**2 + 19*z - 66. Let v be x(-22). Suppose 5*h + 5*j = h + 37549, h + j - 9388 = v. Is h a composite number?
False
Let l(k) be the first derivative of k**3/3 + 9*k**2/2 + 20*k + 17. Let s be l(-3). Suppose 0 = -s*a + 2286 + 2332. Is a composite?
False
Let q(k) = 11*k - 79. Suppose m = 6 - 4, m - 30 = -4*t. Let d be q(t). Is (-1 + 0/d)*814/(-2) prime?
False
Let y(x) be the second derivative of -26*x**3/3 + 29*x**2/2 + 20*x. Let s = -48 - -28. Is y(s) a composite number?
False
Let i(g) = 2*g**2 + 25*g - 9. Let x be i(-13). Is (-1039335)/(-231) - 3/(42/x) prime?
False
Let h(z) = -2180*z**3 + 4*z**2 - 3*z - 2. Let u be h(-1). Suppose -4*i - u = -v, 8728 = 4*v - 0*v - 4*i. Is v composite?
True
Let y be 0 - (3 - (3 + -2)). Let t be 1 + y - (8 + -4). Is (1632/(-15) + 3)*t a composite number?
True
Suppose -160*k = -156*k - 12. Suppose -k*y - 2*a + 1217 = 0, 0 = -5*a - 11 + 1. Is y prime?
False
Suppose 77517 = 4*w + 5*t, 9*t + 77515 = 4*w + 12*t. Let x = w + -9689. Is x prime?
True
Suppose 0 = o + 51 + 2. Let a = o - -53. Suppose 0 = 3*y + 6, a*k + 295 = k - y. Is k composite?
False
Suppose -4*c - 1 = 4*a + 23, 5*c = 5*a - 20. Is (14/(-35) + (-4)/c)*3415 prime?
False
Let q(m) = 2*m**2 + 4*m - 67. Let w be q(-7). Suppose -17*a - 4 = -21*a, 3*p = -w*a + 40794. Is p a prime number?
True
Let o(q) = 244*q + 24. Let p be o(-6). Let l = p - -2651. Is l a prime number?
False
Let l = 12257 - 4578. Is l a prime number?
False
Let u(k) = -13*k**2 + 2*k - 4*k**2 + k + 13*k**2 + 3*k**3. Let t be u(1). Suppose -317 = -t*d + 1737. Is d prime?
False
Let t = 122 - 116. Suppose t*l - 2843 = -557. Is l a composite number?
True
Let w be 20 + -10*6/12. Is (-6)/w + (-2)/(40/(-25188)) a prime number?
True
Let t(p) = p**3 - 8*p**2 + 13*p. Let f be t(6). Let r be (f/(-9) - 2/(-3))/2. Suppose 0 - 4 = x, r = 4*c - 5*x - 8464. Is c a composite number?
False
Suppose -15 = -5*z - 5*d, 7*d = 9*d. Suppose -2*o + 32053 = z*a, -2*o = -4*a + 5*a - 10679. Is a a composite number?
False
Let p(k) = 17*k + 36. Let j be p(-15). Let w = 352 + j. Is w prime?
False
Suppose 5*d - s = 4591, -3*d - 2*s = -d - 1846. Is d prime?
True
Is -6 + (-8)/((-24)/21) + 33342 prime?
True
Is 142569 + (-29 - -6) - 17 prime?
True
Let h(q) be the first derivative of -q**5/20 + 13*q**4/6 + 5*q**3/3 + 7*q**2/2 + 14*q - 40. Let f(v) be the first derivative of h(v). Is f(26) a prime number?
False
Let z(j) = 24*j - 115. Let k be z(5). Let v = -62 - -347. Suppose -k*g + 1902 = 4*u, 5*g + 178 + v = u. Is u a prime number?
False
Suppose 219*n + 5*q = 214*n + 60985, -n = 3*q - 12197. Is n composite?
False
Let s(u) = -17*u**2 + 8*u + 1 + 3*u**3 + 12 - 2*u**3 + 7*u. Let l be s(16). Let k(g) = -10*g**3 + 2*g**2 + 7*g + 4. Is k(l) a composite number?
False
Let h(o) = 323*o - 58. Suppose -3*l + 5 = -4*l + 4*m, 5*m = 15. Is h(l) a prime number?
True
Suppose 111*g - 12693753 - 26450097 = -39*g. Is g prime?
True
Suppose 0 = -4*n + 8*n + 12. Let u(w) = -60*w**3 + 5*w**2 + 5*w + 2. Let d be u(6). Is (-2)/5 + d/(-20) + n a composite number?
True
Suppose -242*k + 285209962 = -153114474. Is k a prime number?
False
Let i = 13 + -13. Suppose -7*z + 3*z - 20 = i, z = -q + 260. Let d = -74 + q. Is d composite?
False
Suppose 16 = -d + 20. Let l(g) = 560*g + 47. Is l(d) composite?
False
Let l be 1 - (-4026)/4 - (-21)/(-42). Let h = 1513 - l. Suppose 2*n = 2*r + 510, 3*n - n - h = r. Is n prime?
True
Let x(v) = -31*v - 243. Let y be x(-8). Suppose n + 4*r - 3478 = 0, -7*n - y*r + 3481 = -6*n. Is n prime?
False
Let j be (6 + -7)/(2/(-8)). Suppose -j*w - 3*n + 49077 = 2*n, -4*w = 3*n - 49067. Is w composite?
False
Let t(h) = h**3 + h**2 - 8*h + 16. Let j be t(2). Is 5925/4 + (5 + -8)/j a prime number?
True
Let m(x) = -2*x**2 + 36*x - 122. Let h be m(5). Let n(w) = 18*w**2 - 4*w + 0*w**2 - w**2 + 5. Is n(h) composite?
False
Let i be (-15)/10*4/6*-6. Suppose o = i*o - 23645. Is o prime?
True
Let a(f) = -12*f - 23. Let j be a(-17). Let s = j + 127. Suppose 10*o - 14*o = -s. Is o prime?
False
Let u(b) = 25912*b - 40. Let x be u(-1). Let w = 42721 + x. Is w a prime number?
False
Let r(p) = 3 + 101*p - p - 2*p - 30. Let q be r(12). Suppose -q = -x - 72. Is x a composite number?
True
Suppose 5*j + 77301 = -12684. Let d = j - -33182. Is d a composite number?
True
Suppose -27*d + 3252435 + 34050285 = 4531713. Is d prime?
True
Let r(u) = -90*u**3 - 2*u**2 - 5*u - 3. Let c be 15 - (-4)/(-4)*4. Suppose 16*q = -43 + c. Is r(q) composite?
False
Suppose -4*g = -2*c + 2309962